v - 53. List the prime factors of j(65).
2, 3, 11
Let o be (-207)/11 - 4/22. Let i = 23 + o. What are the prime factors of (287/(-28))/((-1)/i)?
41
Let n be 14/2 - (-25)/5. Suppose n*q = 551 - 23. List the prime factors of q.
2, 11
Let i be 18/4 - (-18)/(-12). Suppose b - i*b = -36. What are the prime factors of (-10)/1*b/(-12)?
3, 5
Let n(l) = 3*l**2 - l - 5. List the prime factors of n(7).
3, 5
Suppose o + 3*v = 1650, 13*o - 18*o + 3*v + 8214 = 0. What are the prime factors of o?
2, 3, 137
Let c = 26 - -196. What are the prime factors of c?
2, 3, 37
Suppose -5*z - d = 22, -2*z = 2*d - 3*d + 6. Let q(p) = -5*p - 3. What are the prime factors of q(z)?
17
Let j(t) = 7*t**2 - 27*t - 21. What are the prime factors of j(9)?
3, 101
Let n = -10 + 16. Let j(f) = f**3 - 7*f**2 + 7*f - 8. Let c be j(n). What are the prime factors of (-4)/((-8)/3 - c)?
2, 3
Suppose -5*d + d = -176. Suppose -d*a - 394 = -46*a. What are the prime factors of a?
197
Suppose 9*a - 7729 = -2*l + 4*a, a - 1 = 0. List the prime factors of l.
2, 1931
Suppose -5*x + 18*x - 2223 = 0. Suppose 48 = -b + x. List the prime factors of b.
3, 41
Let t(s) = 3*s**2 - 9*s + 5. Let u be ((-15)/(-9) - 2)/(1/15). List the prime factors of t(u).
5
What are the prime factors of 2 + (-1 - -283)*4?
2, 5, 113
Let u(w) = 2*w - 28. Let x be u(18). Suppose 540 = -2*g + x*g. What are the prime factors of g?
2, 3, 5
Let c be -1 - 2 - 30/(-10). Suppose -5*b + 563 = -2*t, -62 + 498 = 4*b + 2*t. Suppose c*o - b = -3*o. List the prime factors of o.
37
Suppose -3*t + 0*t = -75. Suppose -3*a - 2*p + 0*p + 19 = 0, 0 = 5*p - t. Suppose u = 4*u - l - 49, -3*u - a*l + 69 = 0. What are the prime factors of u?
2, 3
Suppose -3*o - 4*x + 419 = -468, -606 = -2*o + x. List the prime factors of o.
7, 43
Suppose 0 = 5*t + 11*t - 576. List the prime factors of t.
2, 3
Suppose 4*h - 52 = -20. Let l be h/2*(-28)/8. List the prime factors of 12/l*1*-28.
2, 3
Suppose -68*q + 69*q - 683 = 0. List the prime factors of q.
683
Suppose 0 = 12*v - 14*v + 6. Suppose v*c - c = 78. What are the prime factors of c?
3, 13
List the prime factors of ((-5)/5*-3)/((-6)/(-3364)).
2, 29
Let f = -1 - 4. Let b(a) = 15*a + 3. Let k be b(f). What are the prime factors of (k/10)/((-10)/50)?
2, 3
Suppose 5*n - 25 = 5*d, -n = 4*d + 16 - 1. Let h = d - 3. Let c(a) = a**3 + 9*a**2 + 9*a - 6. What are the prime factors of c(h)?
29
Suppose 0*k - 2*k - 4 = 0. Let s be (-2)/10*k*5. Suppose b - 63 = -s*b. What are the prime factors of b?
3, 7
Let c(t) = -20*t**3 - 2*t**2 - 5*t - 3. Let o be c(-1). List the prime factors of o/(-100) + 241/5.
2, 3
Suppose 54 = 3*t - 6*t. Let b be (270/42 + -5)*-7. Let v = b - t. List the prime factors of v.
2
Let m = -115 - -296. Let f = m + -91. What are the prime factors of f?
2, 3, 5
Let k = 3446 + -2302. What are the prime factors of k?
2, 11, 13
Let w be ((-9)/(-12))/((-2)/(-16)). Suppose 85 = 7*a - w*a. List the prime factors of a.
5, 17
Suppose 0*p - 2*j + 1618 = -4*p, 4*p + j + 1633 = 0. Let x = -123 - p. What are the prime factors of x?
2, 71
Let h(s) = 2*s**3 - 5*s**2 + s + 7. Suppose c - 5*c - 12 = -4*v, 2*v - 12 = -c. Suppose 3*j = -4*l + 1, -c*l - 1 = -l + j. What are the prime factors of h(l)?
59
Let q = -64 - -243. Let m = -100 + q. List the prime factors of m.
79
What are the prime factors of ((-1)/3)/((-50)/52350)?
349
Let r(d) = -7 - 3 + 2*d - 5*d. Suppose 3*u = 5*c - 4, -5 - 3 = -u + 4*c. What are the prime factors of r(u)?
2, 7
Suppose 800 = -2*f - 3*f. Let d = f + 94. Let p = d - -94. List the prime factors of p.
2, 7
Let q be 20/(-14) - 64/112. List the prime factors of 16 + (-3 - q) + 1.
2
Let b be (-1)/(-3) + (-40)/(-24). Suppose b*a - 111 = -a. Suppose 3*z - j - a = 2*z, 5*j = -5*z + 135. What are the prime factors of z?
2
Suppose -u + 13 = -5*n, 2*n + 7 - 27 = -u. Suppose -u*m + 2311 = -335. What are the prime factors of m?
3, 7
What are the prime factors of ((-16)/14)/2 - 18132/(-28)?
647
Let v(p) = 4*p**2 + 12*p - 4. Let u(s) = -9*s**2 - 23*s + 7. Let t(g) = -6*u(g) - 11*v(g). Let i be t(-4). Suppose i = 4*d - 2. What are the prime factors of d?
5, 7
Let c be (3 + -1 + 0)*2. Let i be (-42)/(-10) - c/20. List the prime factors of (2/i)/(9/126).
7
Let j = -3 + 2. Let t be 4 + j - (-70 - 3). Let f = -25 + t. What are the prime factors of f?
3, 17
Let i be 1/((-5)/(-40)) - 3. Suppose -i*w + 355 = -20. What are the prime factors of w?
3, 5
Let p(a) = 11*a**2 + 15*a - 97. List the prime factors of p(5).
11, 23
Let a = 6 - 8. Let h = 1 - a. Suppose h*c + t = 2*t + 50, -5 = c + 4*t. List the prime factors of c.
3, 5
Let q(r) = -3*r**2 - 24*r + 31. Let s(u) = -14*u**2 - 97*u + 124. Let j(o) = 9*q(o) - 2*s(o). List the prime factors of j(21).
2, 5
Suppose 3*d = 9, -3*l = -0*l - 4*d + 6. Suppose -a + 97 = 4*t, a - 92 = -5*t + l*t. What are the prime factors of a?
7, 11
Let g(f) = -f**3 + 56*f**2 - 51*f + 168. List the prime factors of g(55).
2, 97
Let v(f) be the first derivative of 10*f**3/3 + 2*f**2 + 13*f - 7. What are the prime factors of v(-3)?
7, 13
Suppose -12*t = -7*t + 30. Let z(h) = -h**3 - 4*h**2 - 6*h - 8. List the prime factors of z(t).
2, 5
Let v be (3/12*0)/1. Suppose 0 = 2*a + i + 7, -a + v = -2*i + 1. What are the prime factors of 38 + (-3)/9*a?
3, 13
What are the prime factors of -4*91/(-21)*51?
2, 13, 17
Suppose -5*x + 19425 - 2399 = 4*b, -2*x = 3*b - 6809. List the prime factors of x.
2, 13, 131
Let s(c) = c**3 + 7*c**2 - 9*c - 4. Let h be s(-8). Suppose 28 = h*a - 32. Let t = -8 + a. List the prime factors of t.
7
Suppose -4*t - 2*i + 580 = 0, -5*t + 4*t + 155 = -2*i. Suppose 0 = 3*z - 2*s - 192, 5*s = -0*z - 2*z + t. What are the prime factors of z?
2, 3, 11
Let c = 494 + -467. What are the prime factors of c?
3
Let n = 2058 + -471. List the prime factors of n.
3, 23
Suppose 0 = 11*u - 7*u. Suppose u*c + 5*c = 580. Suppose -c - 20 = -8*p. List the prime factors of p.
17
Let n = -346 + 586. List the prime factors of n.
2, 3, 5
Suppose 5*t - 2296 = 1074. List the prime factors of t.
2, 337
Suppose -4*b + 34 = -4*x - 38, 2*b + x - 24 = 0. Suppose -20 = z + 2*z + 4*d, 3*z = -d - b. What are the prime factors of (9 - 11)*14/z?
7
Let t be ((-6)/8)/(21/(-140)). Suppose 4*b - t*k - 19 = 16, -29 = -4*b + 3*k. Suppose b*v - 152 = 83. What are the prime factors of v?
47
Let u = 75 - 53. Suppose -u*b - 158 = -24*b. List the prime factors of b.
79
Let f(b) = -b + 7. Let n(k) be the third derivative of -k**4/8 + 2*k**3/3 + 2*k**2. Let l be n(4). List the prime factors of f(l).
3, 5
Suppose 4*r - 12 = -4*i, 5*i - 6*i + 8 = 2*r. Suppose -2 = 4*z - 2*n, r*z = 4*z + 3*n + 2. What are the prime factors of (z/(-1))/((-7)/(-28))?
2
Let k = -29 + 31. Let p be ((-8)/3)/(k/(-90)). Suppose 0*b - p = -6*b. List the prime factors of b.
2, 5
Suppose -5*v = 3*g - 16, -5*g - v = -6*v. Suppose -42 - 36 = -g*x. What are the prime factors of x?
3, 13
Suppose 6*i = 1672 - 232. List the prime factors of i.
2, 3, 5
Suppose -785 = -3*i + 130. List the prime factors of i.
5, 61
Let t be (42/(-4))/(3/(-24)). Suppose x = -4*q - 216, -2*q + 0*q - 110 = x. Let y = t + q. List the prime factors of y.
31
Let y = -21 - 6. Let q be (1 - 4 - y) + -3. Let s = 35 + q. List the prime factors of s.
2, 7
Let b be (-24)/4*4/(-6). Suppose -7*k - 20 = -2*k. What are the prime factors of k/1*(-10)/b?
2, 5
Suppose 5*o = g + 15, 3 = o - 0*o - 3*g. Suppose -3*q = -4*y - 6*q + 238, -o*q + 55 = y. What are the prime factors of y?
61
Let y(d) = d**2 - 7*d + 10. Let i be 468/45 - 6/15. Suppose -i - 20 = -3*x. What are the prime factors of y(x)?
2, 5
Suppose 403*x = 409*x - 28170. List the prime factors of x.
3, 5, 313
What are the prime factors of 362/(((-4)/(-18))/((-12)/(-18)))?
2, 3, 181
Suppose -5805 = -7*h - 2*h. Suppose -h + 163 = -2*n. What are the prime factors of n?
241
Let w be 2/12 - (-80)/96. Suppose -4*d - w + 21 = 0. Suppose -2*l + 154 = 3*c, 121 = 2*c - 0*c + d*l. List the prime factors of c.
2, 3
Suppose 3*b - 26 = -0*u - 4*u, -4*u = -3*b - 38. Let s(w) = 47*w**2 + 11*w + 6. Let y be s(u). What are the prime factors of y/110 - 1/5?
2, 7
Suppose 0 = -3*y - 5364 + 17973. What are the prime factors of y?
3, 467
Suppose -19*g = -22*g + 1254. What are the prime factors of g?
2, 11, 19
List the prime factors of 85305/105 - -3 - (-3)/